63 prime?
True
Is 244391 a prime number?
False
Is 30461 prime?
False
Is 2187149 prime?
True
Is 102761 composite?
False
Is 30181 prime?
True
Is 281989 a prime number?
True
Is 549937 a prime number?
True
Is 1077 composite?
True
Is 84121 prime?
True
Is 252485 a prime number?
False
Is 441059 composite?
True
Is 271289 a composite number?
False
Is 2740102 a prime number?
False
Is 160357 a composite number?
False
Is 4105 prime?
False
Is 324391 composite?
False
Is 3359 a prime number?
True
Is 1203757 composite?
False
Is 63977 a prime number?
True
Is 25439 prime?
True
Is 8681 a prime number?
True
Is 564191 a composite number?
False
Is 205 a prime number?
False
Is 5279 prime?
True
Is 7177 a composite number?
False
Is 50177 composite?
False
Is 662 a composite number?
True
Is 18949 a composite number?
True
Is 3859 prime?
False
Is 581719 composite?
True
Is 6913 a prime number?
False
Is 4981 a composite number?
True
Is 757 a prime number?
True
Is 5755 a composite number?
True
Is 590867 a composite number?
False
Is 2704913 a prime number?
False
Is 284667 a composite number?
True
Is 56263 a prime number?
True
Is 64849 a prime number?
True
Is 16753 prime?
False
Is 16343 prime?
False
Is 34519 a prime number?
True
Is 329279 prime?
False
Is 4645 composite?
True
Is 69953 a composite number?
True
Is 571903 a prime number?
True
Is 1099589 a prime number?
True
Is 203453 composite?
True
Is 15601 a composite number?
False
Is 4153991 prime?
True
Is 102761 a prime number?
True
Is 245881 a prime number?
True
Is 15811 a composite number?
True
Is 1411 a prime number?
False
Is 48857 a prime number?
True
Is 955421 prime?
False
Is 73427 composite?
True
Is 2140513 a composite number?
False
Is 37451 a prime number?
False
Is 532478 prime?
False
Is 38 a prime number?
False
Is 363815 composite?
True
Is 411 composite?
True
Is 99313 composite?
True
Is 107197 composite?
False
Is 2268381 composite?
True
Is 32909 prime?
True
Is 1101733 a composite number?
False
Is 2360417 composite?
False
Is 485 prime?
False
Is 90353 a prime number?
True
Is 32329 prime?
False
Is 950809 composite?
False
Is 4374637 prime?
True
Is 3821 composite?
False
Is 290581 composite?
True
Is 70139 composite?
False
Is 2603 a prime number?
False
Is 20437 a composite number?
True
Is 8263 prime?
True
Is 12889 a prime number?
True
Is 2521 composite?
False
Is 161611 a composite number?
False
Is 21467 a prime number?
True
Is 7931371 a prime number?
False
Is 115337 a prime number?
True
Is 66457 composite?
False
Is 340027 a composite number?
False
Is 1069527 composite?
True
Is 669649 a prime number?
True
Is 13 composite?
False
Is 75127 a composite number?
True
Is 99469 composite?
False
Is 352645 a composite number?
True
Is 5381 a prime number?
True
Is 733123 composite?
False
Is 28429 a composite number?
False
Is 7283 composite?
False
Is 212435 a composite number?
True
Is 83767 prime?
False
Is 9791 prime?
True
Is 155071 a composite number?
True
Is 100907 prime?
True
Is 52537 composite?
True
Is 453877 a composite number?
False
Is 3427 a composite number?
True
Is 2579 a prime number?
True
Is 1693 a prime number?
True
Is 23159 composite?
False
Is 179897 composite?
False
Is 489733 composite?
False
Is 96907 prime?
True
Is 439247 prime?
False
Is 2007959 composite?
False
Is 1741243 composite?
True
Is 76871 a prime number?
True
Is 34449 composite?
True
Is 2959427 a composite number?
False
Is 43889 a prime number?
True
Is 28751 composite?
False
Is 39917 composite?
True
Is 307637 a prime number?
False
Is 21089 prime?
True
Is 6229 composite?
False
Is 141863 composite?
False
Is 10231 a composite number?
True
Is 4562 a composite number?
True
Is 172279 a prime number?
True
Is 37397 a composite number?
False
Is 3173 a composite number?
True
Is 126358 a composite number?
True
Is 7037 prime?
False
Is 2719 a composite number?
False
Is 539701 a prime number?
False
Is 52553 a composite number?
False
Is 3343 composite?
False
Is 1931783 prime?
False
Is 1294309 prime?
True
Is 11777 a prime number?
True
Is 20287 prime?
True
Is 75778 a prime number?
False
Is 80777 composite?
False
Is 156671 composite?
False
Is 158167 composite?
True
Is 47041 a composite number?
False
Is 4321 a composite number?
True
Is 158019 a prime number?
False
Is 4561 prime?
True
Is 37619 a prime number?
True
Is 36185 prime?
False
Is 173881 composite?
True
Is 104617 prime?
False
Is 635849 a composite number?
False
Is 18463 composite?
True
Is 4397 composite?
False
Is 32603 a prime number?
True
Is 202549 a prime number?
True
Is 150061 composite?
False
Is 145949 prime?
True
Is 275351 a composite number?
True
Is 277807 composite?
True
Is 139639 a prime number?
False
Is 44827 a prime number?
False
Is 29903 a composite number?
True
Is 16953 prime?
False
Is 825823 prime?
False
Is 15673 composite?
True
Is 16447 composite?
False
Is 464063 prime?
False
Is 17333 composite?
False
Is 1847 prime?
True
Is 552259 prime?
True
Is 5507 composite?
False
Is 20011 a prime number?
True
Is 110749 a composite number?
False
Is 64867 composite?
True
Is 1280033 a prime number?
False
Is 5549 a composite number?
True
Is 145153 prime?
False
Is 3239 a prime number?
False
Is 39313 a composite number?
False
Is 63871 composite?
True
Is 36889 prime?
False
Is 10821 a prime number?
False
Is 59834 prime?
False
Is 1706 a composite number?
True
Is 50419 composite?
True
Is 1387889 a prime number?
False
Is 1907 prime?
True
Is 7393 a prime number?
True
Is 4201 a composite number?
False
Is 689 composite?
True
Is 98401 a prime number?
False
Is 773189 prime?
False
Is 88442 a composite number?
True
Is 84817 a prime number?
False
Is 3251 composite?
False
Is 34171 prime?
True
Is 1693 composite?
False
Is 33227 a prime number?
False
Is 1556749 a prime number?
False
Is 9903 prime?
False
Is 13435 a prime number?
False
Is 967903 prime?
True
Is 172567 prime?
False
Is 3407 prime?
True
Is 52147 a prime number?
True
Is 4493 a prime number?
True
Is 163273 a prime number?
False
Is 86923 a prime number?
True
Is 923 a prime number?
False
Is 7799 a composite number?
True
Is 162457 prime?
True
Is 82931 a composite number?
True
Is 5263 prime?
False
Is 12854 prime?
False
Is 124067 a prime number?
True
Is 584303 a prime number?
True
Is 51187 prime?
False
Is 787 prime?
True
Is 5809 prime?
False
Is 1543 composite?
False
Is 16217 prime?
True
Is 8219 a prime number?
True
Is 121159 a composite number?
True
Is 1495463 a prime number?
True
Is 1716971 prime?
True
Is 2501 composite?
True
Is 169066 prime?
False
Is 1126859 prime?
True
Is 21929 a composite number?
False
Is 5623 prime?
True
Is 98561 prime?
True
Is 380041 composite?
False
Is 279503 composite?
True
Is 2542847 a prime number?
False
Is 63719 a composite number?
False
Is 58099 a prime number?
True
Is 1343 prime?
False
Is 26527 prime?
False
Is 16871 a prime number?
True
Is 23707 composite?
True
Is 43199 a prime number?
False
Is 115399 prime?
True
Is 31721 a composite number?
False
Is 33661 a prime number?
False
Is 185441 prime?
True
Is 408167 prime?
False
Is 1002406 prime?
False
Is 357473 prime?
True
Is 186421 a prime number?
False
Is 19207 a composite number?
False
Is 14143 a composite number?
False
Is 3777 composite?
True
Is 5381 prime?
True
Is 1703 a prime number?
False
Is 13259 prime?
True
Is 332053 a prime number?
True
Is 15007 composite?
True
Is 141257 a composite number?
False
Is 720757 composite?
True
Is 24483 a prime number?
False
Is 506851 a prime number?
False
Is 37277 a prime number?
True
Is 37441 prime?
True
Is 499259 a composite number?
True
Is 1033363 a composite number?
False
Is 6373 composite?
False
Is 149 composite?
False
Is 1927271 a composite number?
False
Is 1736453 a composite number?
False
Is 1202423 composite?
False
Is 757 a composite number?
False
Is 31601 prime?
True
Is 563 prime?
True
Is 4699 a composite number?
True
Is 1072003 a prime number?
False
Is 5483 a composite number?
False
Is 11621 composite?
False
Is 5113 a prime number?
True
Is 13577 a prime number?
True
Is 1004117 a prime number?
True
Is 14821 a composite number?
False
Is 39929 a composite number?
False
Is 23099 a composite number?
False
Is 1657 composite?
False
Is 17617 a composite number?
True
Is 109931 a composite number?
True
Is 27329 a prime number?
True
Is 1135541 prime?
False
Is 4127 composite?
Fal